ive z(21).
6
Let z(m) = m**3 + 38*m**2 + 214*m + 130. Calculate z(-6).
-2
Let s(t) = -t**3 - 4*t**2 + 3086*t + 15413. Give s(-5).
8
Let o(g) = 59*g - 1579. What is o(25)?
-104
Let h(n) = 213*n + 1196. Determine h(-5).
131
Let u(l) = -l**2 + 6974*l + 34903. Calculate u(-5).
8
Let u(a) = -a**3 + 8*a**2 + 42*a - 50. Calculate u(11).
49
Let y(x) = -x**3 - 21*x**2 + 157*x + 43. Give y(6).
13
Let v(z) = 2*z**2 + 49*z - 52. Calculate v(-21).
-199
Let z(j) = -7*j**2 - 1693*j + 246. Give z(-242).
4
Let y(l) = 84*l - 1778. Give y(19).
-182
Let a(y) = -2*y**2 + 53*y - 102. What is a(21)?
129
Let o(j) = 3011*j - 18076. Give o(6).
-10
Let a(c) = 98*c + 741. Give a(-7).
55
Let p(k) = k**3 - 44*k**2 + 46*k - 105. Determine p(43).
24
Let g(r) = -r**2 + 291*r + 581. Give g(-2).
-5
Let z(x) = 4*x**3 - 312*x**2 + 2*x - 175. Give z(78).
-19
Let m(t) = t**3 + 54*t**2 + 11*t + 588. Calculate m(-54).
-6
Let p(d) = -d**3 + 55*d**2 + 111*d + 4. Give p(57).
-167
Let r(t) = -227*t - 16816. What is r(-74)?
-18
Let m(w) = 10*w**3 + 34*w**2 - 88*w - 48. Give m(-5).
-8
Let v(q) = -q**3 - 14*q**2 - 2*q + 122. Give v(-13).
-21
Let f(w) = -w**3 - 6*w**2 + 4*w + 37. What is f(-6)?
13
Let f(k) = 392*k - 52128. What is f(133)?
8
Let d(j) = 25*j**2 - 1803*j + 217. Determine d(72).
1
Let h(a) = -4*a**2 - 16. Calculate h(-7).
-212
Let r(l) = -3*l**3 + 66*l**2 - 3*l + 102. What is r(22)?
36
Let u(n) = -251*n + 124. Calculate u(-1).
375
Let z(o) = -429*o - 5648. What is z(-13)?
-71
Let v(y) = y**3 - 6*y**2 + 9*y - 46. Give v(5).
-26
Let w(h) = -h**3 + 5*h**2 - 3823*h + 15285. What is w(4)?
9
Let y(s) = 69*s**3 - 18*s**2 + 19*s - 2. Give y(1).
68
Let o(z) = -z**2 + 74*z + 11174. Give o(-75).
-1
Let l(g) = -100*g - 383. Determine l(-4).
17
Let h(w) = -67*w - 239. Determine h(-4).
29
Let n(b) = 18*b**2 - 11*b - 49. What is n(-4)?
283
Let h(v) = -v**2 - 24*v + 152. Give h(9).
-145
Let b(c) = 3*c**3 - 9*c**2 + 7*c - 40. Determine b(4).
36
Let o(p) = 42*p + 48. Calculate o(1).
90
Let i(a) = -10*a**2 - 3058*a - 5469. Give i(-304).
3
Let h(u) = -21*u**2 + 630*u - 35. Give h(30).
-35
Let s(w) = 53*w - 1990. Give s(37).
-29
Let v(q) = -19082*q + 38171. Give v(2).
7
Let k(c) = 11*c**3 - 394*c**2 - 75*c + 66. Determine k(36).
-42
Let o(n) = -2*n**2 + 46*n + 187. Calculate o(24).
139
Let i(g) = -40*g - 1983. Give i(-49).
-23
Let s(c) = -11*c**3 - 3*c**2 + 6*c + 43. Determine s(-3).
295
Let r(i) = i**3 - 76*i**2 - 69*i - 639. Calculate r(77).
-23
Let d(s) = -17*s**3 - 15*s**2 - s - 5. Give d(-1).
-2
Let b(d) = d - 1. Calculate b(-24).
-25
Let i(n) = 77*n + 1312. Give i(-17).
3
Let j(d) = d**3 + 7*d**2 + 43*d + 94. Give j(-3).
1
Let h(x) = 78*x**2 + 157*x + 5. What is h(-2)?
3
Let i(u) = 3*u**3 - 80*u**2 - 25*u - 53. Calculate i(27).
1
Let p(m) = m**3 + 3*m**2 - 36*m - 147. Determine p(-5).
-17
Let c(k) = 17*k**2 + 2232*k + 689. What is c(-131)?
34
Let k(m) = -5*m**3 + m**2 + 3*m + 4. Calculate k(2).
-26
Let o(l) = -3*l**3 + 30*l**2 + 30*l + 28. Calculate o(11).
-5
Let p(l) = 4*l**3 + 2*l**2 - 2*l + 1. Give p(2).
37
Let a(m) = 2*m**2 + 27*m - 46. Calculate a(-15).
-1
Let o(k) = 47*k**2 - 378*k + 343. What is o(7)?
0
Let g(v) = -2*v**3 - 18*v**2 - 47*v - 32. Determine g(-3).
1
Let d(g) = -g**3 + 11*g**2 + 18*g - 235. Calculate d(8).
101
Let d(u) = 53*u - 117. Give d(4).
95
Let f(q) = 7*q - 381. Calculate f(47).
-52
Let c(r) = r**3 - 10*r**2 - 48*r - 760. Calculate c(16).
8
Let a(p) = -2*p**2 - 546*p + 30089. Determine a(47).
9
Let m(t) = -t**2 + 114*t - 2952. Determine m(41).
41
Let b(o) = -243*o - 688. Determine b(-3).
41
Let t(b) = b**3 + 26*b**2 + 32*b - 3. What is t(-25)?
-178
Let i(f) = 143*f + 409. Determine i(-3).
-20
Let i(r) = -5*r + 313. Calculate i(56).
33
Let r(h) = 3*h**2 + 48*h + 66. Determine r(-15).
21
Let l(u) = u**2 - 23*u + 118. Give l(19).
42
Let h(o) = 838*o + 8371. Calculate h(-10).
-9
Let x(g) = 21*g**2 + 25*g + 65. Calculate x(-3).
179
Let i(r) = -r**3 - 5*r**2 + 65*r - 20. Determine i(6).
-26
Let v(z) = 47*z - 133. Calculate v(3).
8
Let k(q) = -899*q - 1822. Calculate k(-2).
-24
Let u(m) = 4569*m - 41138. Calculate u(9).
-17
Let w(n) = -n**3 + 11*n**2 + 29*n - 32. Determine w(13).
7
Let b(d) = d**2 - 13*d - 1. What is b(11)?
-23
Let j(h) = -2357*h - 14146. Determine j(-6).
-4
Let y(p) = -p**2 + 6*p + 89. What is y(17)?
-98
Let i(b) = 3*b + 183. Calculate i(-39).
66
Let b(a) = a**3 - 57*a**2 - 418*a + 6693. Give b(62).
-3
Let d(g) = -g**3 + 21*g**2 - 17*g - 45. Give d(20).
15
Let w(n) = n**3 + 196*n**2 - 402*n - 1193. Determine w(-198).
-5
Let l(b) = 140*b - 34. What is l(0)?
-34
Let q(u) = -u**2 + 891*u + 2695. Give q(-3).
13
Let p(t) = t**2 + 62*t + 646. Determine p(-43).
-171
Let n(k) = 26*k**3 + 2*k**2 + 6*k + 4. Calculate n(-1).
-26
Let b(l) = l**3 + 8*l**2 - 14*l - 92. Calculate b(-5).
53
Let u(g) = 5582*g - 16743. Give u(3).
3
Let a(x) = -x**2 - 8181*x - 3. Determine a(0).
-3
Let y(a) = -303*a + 609. Calculate y(2).
3
Let o(i) = 9*i**3 + 12*i**2 + 16*i - 33. What is o(-4)?
-481
Let f(s) = 9*s**3 - 260*s**2 - 38*s + 177. What is f(29)?
-84
Let n(l) = -16*l + 514. Give n(30).
34
Let a(f) = 167*f + 5503. Calculate a(-33).
-8
Let u(c) = -84*c - 1222. What is u(-15)?
38
Let g(p) = 151*p + 237. Give g(-7).
-820
Let u(z) = -462*z + 4613. What is u(10)?
-7
Let c(k) = -3*k**2 + 178*k - 1012. Give c(53).
-5
Let x(d) = 766*d**3 - 8*d**2 - 16*d - 8. Determine x(-1).
-766
Let c(g) = -g**3 - 30*g**2 + 78*g + 461. Determine c(-32).
13
Let f(n) = n**3 - 8*n**2 - 34*n + 77. Calculate f(-8).
-675
Let u(r) = -3*r**2 + 163*r + 43. Determine u(55).
-67
Let k(g) = -742*g - 58625. Determine k(-79).
-7
Let x(l) = -l**2 + 5*l + 62. What is x(14)?
-64
Let i(r) = -r**2 + 202*r + 4331. Calculate i(-19).
132
Let f(i) = -3*i - 30. What is f(-7)?
-9
Let y(x) = x**3 - 2*x**2 - 64*x - 145. Determine y(-4).
15
Let v(b) = b**3 + 14*b**2 - 46*b + 89. Determine v(-17).
4
Let n(o) = -380*o - 4164. Give n(-11).
16
Let c(q) = -5*q**3 + 2*q**2 - 18*q - 33. Determine c(-2).
51
Let d(q) = 16*q + 28. Determine d(2).
60
Let a(k) = -k**2 + 75*k - 744. Calculate a(62).
62
Let n(z) = z**3 - 46*z**2 + 179*z - 476. Determine n(42).
-14
Let u(v) = -v**3 - 10*v**2 + 9*v - 191. Determine u(-12).
-11
Let s(b) = b**3 - 5*b**2 - 20*b - 19. Give s(8).
13
Let o(l) = l**2 + 1480*l - 8870. Determine o(6).
46
Let y(b) = -43*b + 408. Give y(11).
-65
Let j(p) = p**3 - 153*p**2 + 805*p - 9612. What is j(148)?
8
Let y(u) = -91*u + 1749. What is y(19)?
20
Let h(z) = -z**2 - 593*z + 6021. Give h(10).
-9
Let v(a) = 2*a**3 - 34*a + 4. Determine v(-4).
12
Let z(q) = 5*q - 102. What is z(19)?
-7
Let s(j) = -4*j**3 + 305*j**2 - 77*j + 67. Calculate s(76).
-9
Let t(h) = 62*h - 52. Give t(0).
-52
Let i(t) = -6*t**3 + 96*t**2 - 31*t + 270. Determine i(16).
-226
Let z(k) = -5*k**2 - 92*k - 15. Determine z(-18).
21
Let l(c) = -16*c + 90. Determine l(-17).
362
Let k(x) = -66*x - 129. Calculate k(-6).
267
Let u(z) = 30*z - 508. Give u(16).
-28
Let w(v) = 625*v + 46261. What is w(-74)?
11
Let s(u) = u**3 + 3*u**2 - 35*u - 99. Determine s(-6).
3
Let v(w) = 69*w - 249. Determine v(0).
-249
Let k(s) = 185*s + 12402. Calculate k(-67).
7
Let t(o) = 21*o**2 - 72*o. Give t(4).
48
Let t(l) = l**2 - 278*l + 7653. What is t(31)?
-4
Let d(h) = 4*h**3 - 5*h**2 - 10*h + 56. Give d(4).
192
Let q(h) = -68*h - 5241. Give q(-77).
-5
Let r(c) = c**2 + 440*c + 27091. What is r(-74)?
7
Let i(b) = 1488*b + 56. What is i(0)?
56
Let i(n) = n**3 + n**2 - 3*n - 3. What is i(-1)?
0
Let x(n) = -n**3 + 5*n**2 + 15*n + 9. Give x(8).
-63
Let r(m) = m**3 + m**2 - 36*m + 216. Calculate r(0).
216
Let v(j) = 10*j - 269. What is v(28)?
11
Let z(q) = 2*q**3 + 8*q**2 - 16*q - 13. What is z(2)?
3
Let y(p) = 942*p**3 - 22*p**2 + 24*p - 3. What is y(1)?
941
Let a(z) = -4*z - 113. Determine a(-13).
-61
Let b(g) = 104*g + 3020. What is b(-29)?
4
Let k(n) = n**3 - 14*n**2 - 159*n + 8. Determine k(-7).
92
Let u(s) = s**2 - 1153*s + 199484. Determine u(212).
-8
Let n(q) = -11*q**2 + 310*q + 261. Determine n(29).
0
Let s(k) = -130*k - 427. Determine s(-8).
613
Let n(m) = 2*m**2 - 47*m + 74. Determine n(19).
-97
Let z(c) = -c**3 - 118*c**2 - 982*c + 6. What is z(-9)?
15
Let p(f) = f**3 + 4*f**2 - 28*f - 55. Give p(-2).
9
Let k(h) = h**2 - 116*h - 4037. Determine k(-28).
-5
Let u(y) = y**3 